vided by 7?
6
Let j(w) = -4*w - 1. Let l = -681 - -699. What is the remainder when j(-13) is divided by l?
15
Let i(s) = -5*s**2 + 6. Let h(v) = -9*v**2 - v + 10. Let r(u) = 2*h(u) - 5*i(u). What is the remainder when 133 is divided by r(-3)?
15
Let d = 1236 + -1216. What is the remainder when 531 is divided by d?
11
Let j(a) = 2*a**3 + 43*a**2 + 14*a - 58. What is the remainder when 180 is divided by j(-21)?
2
Suppose -219 + 531 = 2*w. Suppose 39*m - 281*m - 2994 = -10738. Calculate the remainder when w is divided by m.
28
Suppose -3*n = 26 + 208. Let g = n - -116. What is the remainder when g is divided by ((-82)/328)/((-11)/464) - 12/22?
8
Let q = -1333 - -1347. Suppose -4*s = -0 - 4, w = -3*s + 42. Calculate the remainder when w is divided by q.
11
Let f = 52 - 41. Let q(y) = 22*y - 6. Let t be q(5). Calculate the remainder when t/(-2)*(10 - f) is divided by 28.
24
Let m(z) = z**2 - z + 52. Let o be m(0). Let n = -2196 + 2200. Suppose -o - 4 = -n*p. Calculate the remainder when 38 is divided by p.
10
Let h(r) = 2*r**3 - 2*r**2 - 1. Let w be h(2). Let b(o) = 4*o - 10. Suppose 0 = 331*x - 323*x - 24. What is the remainder when b(w) is divided by x?
0
Suppose -3*i - 5 + 2 = 3*m, 0 = -i + 3*m - 9. Let w(s) = 2*s**2 - 2*s - 4. What is the remainder when 15/((18/(-16))/(i/4)) is divided by w(3)?
2
Suppose -3*v + r - 2*r + 2674 = 0, -3*v + 2654 = 5*r. What is the remainder when v is divided by 8?
5
Suppose -333 + 120 = -3*h + 3*n, 5*n = -h + 47. Suppose -3*t + 15 = -0*t, 391 = a - t. Calculate the remainder when a is divided by h.
61
Let t(a) = -a**3 + 29*a**2 - 159*a + 10. What is the remainder when t(9) is divided by 21?
10
Let m = 507 + -463. Let l = 187 + -174. Calculate the remainder when m is divided by l.
5
Suppose -m + 2*u + 76 = 0, -103 - 242 = -5*m + 3*u. Suppose 2*n = -2 - 2, -2*h + n = -68. Calculate the remainder when m is divided by h.
0
Let y be (-1)/(-2) - (-9 - (-54)/4). Let o(n) = 4*n**2 + 21*n + 79. Calculate the remainder when o(y) is divided by 35.
24
Suppose -3545 = -18*i + 1387. What is the remainder when i is divided by 88?
10
Suppose -2*u + 16 = 3*m, 0 = m + 3*m + 8. Suppose 2*j = -r + 101, -2*r = -u*j + 10*j + 38. What is the remainder when j is divided by 18?
12
Let j(w) = 2*w**2 - 7*w - 91. What is the remainder when j(-18) is divided by 49?
46
Let b be (-18445)/(-51) + (-2)/3. Let l = b + -342. What is the remainder when 169 is divided by l?
17
Suppose 10*x - 7*x - 5*r - 97 = 0, -4*x + 122 = -3*r. What is the remainder when 138 is divided by x?
22
Let r = -4090 + 4144. What is the remainder when 111 is divided by r?
3
Suppose -12 = 8*u - 12*u. Let f(v) = 3 - u*v**3 + 1 + 4*v**3 + 16*v**2 - v. Calculate the remainder when 138 is divided by f(-16).
18
Let k(y) = -y**2 + 15*y + 59. Let c be k(18). Suppose 0 = c*w, n = -3*n - w + 204. What is the remainder when n is divided by 26?
25
Suppose 3*r + 116 = 5*v + r, 4*r + 40 = 2*v. Calculate the remainder when 53 is divided by v.
5
Suppose 2*b - 3*s - 16 - 4 = 0, 0 = 5*b + 2*s - 50. Suppose -279 = -b*y + y. Let x = 267 - 146. Calculate the remainder when x is divided by y.
28
Let a = 377 + -272. Calculate the remainder when a is divided by 0 + 19 + -1 + 4.
17
Suppose -1138*n = -1098*n - 720. Calculate the remainder when 4768 is divided by n.
16
Let m(c) be the second derivative of -c**5/20 + c**4/2 + 2*c**3/3 - 3*c**2 + 24*c - 2. Let j = 18 + -8. What is the remainder when m(6) is divided by j?
8
Calculate the remainder when 1110 is divided by (-2 + 22)/(5 + (-330)/114 + -2).
160
Let c = 1800 - 1790. Calculate the remainder when 709 is divided by c.
9
Suppose 0 = -167*g + 7137 + 712. What is the remainder when g is divided by 12?
11
Suppose u - 3*o = 29, 175 = 5*u + 18*o - 23*o. What is the remainder when 1213 is divided by u?
35
Let m(z) = -z + 34. What is the remainder when m(12) is divided by 2?
0
Suppose -190*w + 178*w = -7896. What is the remainder when w is divided by 30?
28
Suppose 2*t - 31*u = -33*u + 140, -149 = -2*t + u. Calculate the remainder when 105 is divided by t.
32
Suppose 3 + 13 = 4*v. Suppose 4*x - 5*z - 97 = 2*x, 2*x - 115 = -z. Suppose -11*b + x = -4*b. Calculate the remainder when b is divided by v.
0
Suppose 2*h - 2 = 0, 0 = -n - 4*h + 5*h + 18. What is the remainder when -2 + (49 + -53 - (-2 + -2 + -129)) is divided by n?
13
Let v(t) = 6*t + 93. Let f be v(-26). Calculate the remainder when (2/(-8))/((f/(-2324))/(-9)) is divided by 44.
39
Suppose -4*y + 317 = 105. Suppose -3*o + 19*n + 79 = 17*n, -3*o + 89 = -4*n. Calculate the remainder when y is divided by o.
7
Let b = -379 + 125. Let x = 398 + b. Calculate the remainder when x is divided by 74.
70
Suppose 15*c = 12*c - 3*v, 4*c - v - 25 = 0. What is the remainder when 43 is divided by c?
3
Let n(u) = -u**3 + 13*u**2 - 15*u + 13. Let k be n(5). Suppose 0 = 6*j - k + 30. Calculate the remainder when 231 is divided by j.
15
Let h be 2/3 - (-55315)/(-69). Let k = -362 - h. What is the remainder when k is divided by 63?
61
Suppose 3*s - 5488 = -13*s. Let t = 394 - s. What is the remainder when 353 is divided by t?
47
Let q(h) = 2*h**3 + 46*h**2 - 55*h + 31. Calculate the remainder when q(-23) is divided by 31.
25
Suppose 4*m + 2*z - 18 = 0, m + 9*z = 4*z. Let s(f) = -4019*f + 12073. What is the remainder when s(3) is divided by m?
1
Calculate the remainder when 2/4*(7956 + 344) is divided by 15.
10
Let x(p) be the second derivative of 0*p**4 - 3*p**2 - 15*p + 0 - 1/20*p**5 - 5/6*p**3. Calculate the remainder when x(-3) is divided by 10.
6
Suppose -11*b = -652 - 338. Let s(a) = -2*a**2 - 2*a - a**3 - 22*a**3 + 3*a**2 + 4*a + 1. What is the remainder when b is divided by s(-1)?
21
Suppose 3*a - 12 - 3 = 3*i, 21 = -4*i + 3*a. Calculate the remainder when 35 is divided by -2*i/(-24) + (-100)/(-8).
11
Let j(q) = -3*q**2 - 299*q + 107. Let c(z) = 3*z**3 - 3*z**2 + z - 2. Let l be 0/(1 - 0) + 2. Calculate the remainder when c(l) is divided by j(-100).
5
Let l(u) be the second derivative of -u**5/20 + 5*u**4/12 + 2*u**3 + 13*u**2 - 80*u. Calculate the remainder when l(-4) is divided by 62.
60
Let x = 23 - -26. Let o(b) = -4*b + 1. Let l be (-1)/8 + 235/(-40). Calculate the remainder when x is divided by o(l).
24
Suppose 0 = -4*a - b + 50, -3*a + 8 = 7*b - 42. Let q = 39 - 12. Suppose q - 4 = w. What is the remainder when w is divided by a?
11
Let p(i) = -4149*i - 41107. Let f(v) = -33*v - 1. What is the remainder when p(-10) is divided by f(-1)?
31
Calculate the remainder when 4240 is divided by (-30)/45 + (-21)/18*-10.
5
Suppose 310*l - 321*l = -9647. What is the remainder when l is divided by 82?
57
Let b be 282/36 - (-1)/6. Let o be (6/(-4))/(3/(-54)). What is the remainder when o/2 + (-4)/b is divided by 8?
5
Suppose -1254*t = -1255*t + 2*p + 400, 4*p = -8. What is the remainder when 818 is divided by t?
26
Calculate the remainder when 2197 is divided by 34 + (-15 - (-6)/((-6)/(-6))).
22
Let j(d) = d**3 - 5*d**2 - 20*d + 108. Suppose -414*n + 66 = -408*n. Calculate the remainder when j(n) is divided by 103.
99
Let a(x) = 190*x**2 + 4055*x - 11. Calculate the remainder when a(-23) is divided by 36.
34
Let q(d) = -d**3 + 8*d**2 + 10*d - 109. Let y = 90 - 83. What is the remainder when 119 is divided by q(y)?
9
Let m(d) = 236*d - 1795. Let r = -104 - -167. Calculate the remainder when m(10) is divided by r.
61
Suppose b - 40 = -3*z + 41, -5*b + 3*z + 423 = 0. Calculate the remainder when 500 is divided by b.
80
Suppose -12*x - 84 = -19*x. Suppose 5*j - x*j + 84 = 0. Calculate the remainder when 202 is divided by j.
10
Let t = -7820 + 11087. Calculate the remainder when t is divided by 15.
12
Let d(l) = 5*l**2 + 95*l - 531. Calculate the remainder when 246 is divided by d(5).
39
Suppose -8*m + 5*m + 3*p = -321, -4*p = -5*m + 539. What is the remainder when 449 is divided by m?
5
Let c(p) = -127*p**3 + 8*p**2 + 24*p - 52. What is the remainder when c(-4) is divided by 208?
204
Suppose -207*a - 64 + 1728 = -194*a. Calculate the remainder when a is divided by 12.
8
Suppose 0*l + 285 = -4*l - 5*z, -5*l - 2*z = 352. Let y = l + 149. What is the remainder when y is divided by 9?
7
Let s = -53 - -151. Let k = s - 46. Let b = k - 41. Calculate the remainder when b is divided by 7.
4
Suppose 8*v - 3*v = -k + 278, 4